{"id":38,"date":"2024-05-30T18:17:54","date_gmt":"2024-05-30T23:17:54","guid":{"rendered":"https:\/\/alvarogomezcampuzano.com\/?page_id=38"},"modified":"2024-06-30T10:38:42","modified_gmt":"2024-06-30T15:38:42","slug":"textos","status":"publish","type":"page","link":"https:\/\/alvarogomezcampuzano.com\/index.php\/textos\/","title":{"rendered":"Textos"},"content":{"rendered":"\t\t<div data-elementor-type=\"wp-page\" data-elementor-id=\"38\" class=\"elementor elementor-38\">\n\t\t\t\t<div class=\"elementor-element elementor-element-7d67362 e-flex e-con-boxed e-con e-parent\" data-id=\"7d67362\" data-element_type=\"container\">\n\t\t\t\t\t<div class=\"e-con-inner\">\n\t\t\t\t<div class=\"elementor-element elementor-element-67b0cad elementor-widget elementor-widget-qi_addons_for_elementor_blog_list\" data-id=\"67b0cad\" data-element_type=\"widget\" data-widget_type=\"qi_addons_for_elementor_blog_list.default\">\n\t\t\t\t<div class=\"elementor-widget-container\">\n\t\t\t<div class=\"qodef-shortcode qodef-m  qodef-addons-blog-list qodef-info-no-icons  qodef-image--hover-zoom   qodef-qi-grid qodef-layout--qi-columns  qodef-col-num--3  qodef-item-layout--boxed qodef-responsive--predefined\" >\n\t<div class=\"qodef-grid-inner\">\n\t\t<article class=\"qodef-e qodef-blog-item qodef-grid-item qodef-item--full post-1092 post type-post status-publish format-standard has-post-thumbnail hentry category-espanol\">\n\t<div class=\"qodef-e-inner\">\n\t\t<div class=\"qodef-e-media-holder\">\n\t\t\t<div class=\"qodef-e-media\">\n\t\t<div class=\"qodef-e-media-image\">\n\t\t<a itemprop=\"url\" href=\"https:\/\/alvarogomezcampuzano.com\/index.php\/2024\/07\/18\/de-vuelta-al-hilo\/\">\n\t\t\t<img fetchpriority=\"high\" decoding=\"async\" width=\"700\" height=\"700\" src=\"https:\/\/alvarogomezcampuzano.com\/wp-content\/uploads\/2024\/06\/muro-interior-1.jpg\" class=\"attachment-full size-full\" alt=\"\" srcset=\"https:\/\/alvarogomezcampuzano.com\/wp-content\/uploads\/2024\/06\/muro-interior-1.jpg 700w, https:\/\/alvarogomezcampuzano.com\/wp-content\/uploads\/2024\/06\/muro-interior-1-300x300.jpg 300w, https:\/\/alvarogomezcampuzano.com\/wp-content\/uploads\/2024\/06\/muro-interior-1-150x150.jpg 150w, https:\/\/alvarogomezcampuzano.com\/wp-content\/uploads\/2024\/06\/muro-interior-1-650x650.jpg 650w\" sizes=\"(max-width: 700px) 100vw, 700px\" \/>\t\t<\/a>\n\t\t\t<\/div>\n<\/div>\n\t\t<\/div>\n\t\t<div class=\"qodef-e-content\">\n\t\t\t\t\t\t<div class=\"qodef-e-text\">\n\t\t\t\t<h5 itemprop=\"name\" class=\"qodef-e-title entry-title\">\n\t<a itemprop=\"url\" class=\"qodef-e-title-link\" href=\"https:\/\/alvarogomezcampuzano.com\/index.php\/2024\/07\/18\/de-vuelta-al-hilo\/\">\n\t\tDe vuelta al Hilo\t<\/a>\n<\/h5>\n\t\t<p itemprop=\"description\" class=\"qodef-e-excerpt\">\n\t\t\tLa creatividad textil hace parte de la herencia prehist\u00f3rica y en particular del legado aborigen de Am\u00e9rica Latina. Ese patrimonio, ampliamente valorado por los m\u00e1s prestigiosos\t\t<\/p>\n\t\t\t\t<\/div>\n\t\t\t\t\t\t\t<div class=\"qodef-e-info qodef-info--bottom\">\n\t\t\t\t\t\t<div class=\"qodef-e-read-more\">\n\t\t<a class=\"qodef-shortcode qodef-m  qodef-qi-button qodef-html--link qodef-layout--filled qodef-type--icon-boxed   qodef-icon--right qodef-hover--icon-move-horizontal-short   qodef-text-underline qodef-underline--left \" href=\"https:\/\/alvarogomezcampuzano.com\/index.php\/2024\/07\/18\/de-vuelta-al-hilo\/\" target=\"_self\">\t<span class=\"qodef-m-text\">Leer m\u00e1s<\/span>\t<\/a>\t<\/div>\n\t\t\t\t<\/div>\n\t\t\t\t\t<\/div>\n\t<\/div>\n<\/article>\n<article class=\"qodef-e qodef-blog-item qodef-grid-item qodef-item--full post-915 post type-post status-publish format-standard has-post-thumbnail hentry category-espanol\">\n\t<div class=\"qodef-e-inner\">\n\t\t<div class=\"qodef-e-media-holder\">\n\t\t\t<div class=\"qodef-e-media\">\n\t\t<div class=\"qodef-e-media-image\">\n\t\t<a itemprop=\"url\" href=\"https:\/\/alvarogomezcampuzano.com\/index.php\/2024\/07\/01\/flexible-order\/\">\n\t\t\t<img decoding=\"async\" width=\"420\" height=\"420\" src=\"https:\/\/alvarogomezcampuzano.com\/wp-content\/uploads\/2024\/06\/01-1.jpg\" class=\"attachment-full size-full\" alt=\"\" srcset=\"https:\/\/alvarogomezcampuzano.com\/wp-content\/uploads\/2024\/06\/01-1.jpg 420w, https:\/\/alvarogomezcampuzano.com\/wp-content\/uploads\/2024\/06\/01-1-300x300.jpg 300w, https:\/\/alvarogomezcampuzano.com\/wp-content\/uploads\/2024\/06\/01-1-150x150.jpg 150w\" sizes=\"(max-width: 420px) 100vw, 420px\" \/>\t\t<\/a>\n\t\t\t<\/div>\n<\/div>\n\t\t<\/div>\n\t\t<div class=\"qodef-e-content\">\n\t\t\t\t\t\t<div class=\"qodef-e-text\">\n\t\t\t\t<h5 itemprop=\"name\" class=\"qodef-e-title entry-title\">\n\t<a itemprop=\"url\" class=\"qodef-e-title-link\" href=\"https:\/\/alvarogomezcampuzano.com\/index.php\/2024\/07\/01\/flexible-order\/\">\n\t\tFlexible order\t<\/a>\n<\/h5>\n\t\t<p itemprop=\"description\" class=\"qodef-e-excerpt\">\n\t\t\tAlvaro Diego G\u00f3mez Campuzano es un artista propenso a la experimentaci\u00f3n. Despu\u00e9s de haber realizado distintos estudios de arte y prolongados experimentos de forma, en sus obras\t\t<\/p>\n\t\t\t\t<\/div>\n\t\t\t\t\t\t\t<div class=\"qodef-e-info qodef-info--bottom\">\n\t\t\t\t\t\t<div class=\"qodef-e-read-more\">\n\t\t<a class=\"qodef-shortcode qodef-m  qodef-qi-button qodef-html--link qodef-layout--filled qodef-type--icon-boxed   qodef-icon--right qodef-hover--icon-move-horizontal-short   qodef-text-underline qodef-underline--left \" href=\"https:\/\/alvarogomezcampuzano.com\/index.php\/2024\/07\/01\/flexible-order\/\" target=\"_self\">\t<span class=\"qodef-m-text\">Leer m\u00e1s<\/span>\t<\/a>\t<\/div>\n\t\t\t\t<\/div>\n\t\t\t\t\t<\/div>\n\t<\/div>\n<\/article>\n<article class=\"qodef-e qodef-blog-item qodef-grid-item qodef-item--full post-913 post type-post status-publish format-standard has-post-thumbnail hentry category-espanol\">\n\t<div class=\"qodef-e-inner\">\n\t\t<div class=\"qodef-e-media-holder\">\n\t\t\t<div class=\"qodef-e-media\">\n\t\t<div class=\"qodef-e-media-image\">\n\t\t<a itemprop=\"url\" href=\"https:\/\/alvarogomezcampuzano.com\/index.php\/2024\/07\/01\/piedad-casas-de-ballesteros-alvaro-diego-campuzano\/\">\n\t\t\t<img decoding=\"async\" width=\"700\" height=\"700\" src=\"https:\/\/alvarogomezcampuzano.com\/wp-content\/uploads\/2024\/06\/Nave.jpg\" class=\"attachment-full size-full\" alt=\"\" srcset=\"https:\/\/alvarogomezcampuzano.com\/wp-content\/uploads\/2024\/06\/Nave.jpg 700w, https:\/\/alvarogomezcampuzano.com\/wp-content\/uploads\/2024\/06\/Nave-300x300.jpg 300w, https:\/\/alvarogomezcampuzano.com\/wp-content\/uploads\/2024\/06\/Nave-150x150.jpg 150w, https:\/\/alvarogomezcampuzano.com\/wp-content\/uploads\/2024\/06\/Nave-650x650.jpg 650w\" sizes=\"(max-width: 700px) 100vw, 700px\" \/>\t\t<\/a>\n\t\t\t<\/div>\n<\/div>\n\t\t<\/div>\n\t\t<div class=\"qodef-e-content\">\n\t\t\t\t\t\t<div class=\"qodef-e-text\">\n\t\t\t\t<h5 itemprop=\"name\" class=\"qodef-e-title entry-title\">\n\t<a itemprop=\"url\" class=\"qodef-e-title-link\" href=\"https:\/\/alvarogomezcampuzano.com\/index.php\/2024\/07\/01\/piedad-casas-de-ballesteros-alvaro-diego-campuzano\/\">\n\t\tPiedad Casas de Ballesteros &#8211; Alvaro Diego Campuzano\t<\/a>\n<\/h5>\n\t\t<p itemprop=\"description\" class=\"qodef-e-excerpt\">\n\t\t\tLa obra que ALVARO DIEGO G\u00d3MEZ CAMPUZANO, trae a la 15 Bienal internacional de Artes Textiles de Lausanne, habla de una manera muy personal del momento que est\u00e1 viviendo la comun\t\t<\/p>\n\t\t\t\t<\/div>\n\t\t\t\t\t\t\t<div class=\"qodef-e-info qodef-info--bottom\">\n\t\t\t\t\t\t<div class=\"qodef-e-read-more\">\n\t\t<a class=\"qodef-shortcode qodef-m  qodef-qi-button qodef-html--link qodef-layout--filled qodef-type--icon-boxed   qodef-icon--right qodef-hover--icon-move-horizontal-short   qodef-text-underline qodef-underline--left \" href=\"https:\/\/alvarogomezcampuzano.com\/index.php\/2024\/07\/01\/piedad-casas-de-ballesteros-alvaro-diego-campuzano\/\" target=\"_self\">\t<span class=\"qodef-m-text\">Leer m\u00e1s<\/span>\t<\/a>\t<\/div>\n\t\t\t\t<\/div>\n\t\t\t\t\t<\/div>\n\t<\/div>\n<\/article>\n<article class=\"qodef-e qodef-blog-item qodef-grid-item qodef-item--full post-911 post type-post status-publish format-standard has-post-thumbnail hentry category-espanol\">\n\t<div class=\"qodef-e-inner\">\n\t\t<div class=\"qodef-e-media-holder\">\n\t\t\t<div class=\"qodef-e-media\">\n\t\t<div class=\"qodef-e-media-image\">\n\t\t<a itemprop=\"url\" href=\"https:\/\/alvarogomezcampuzano.com\/index.php\/2024\/07\/01\/crear-en-la-expansion\/\">\n\t\t\t<img loading=\"lazy\" decoding=\"async\" width=\"700\" height=\"700\" src=\"https:\/\/alvarogomezcampuzano.com\/wp-content\/uploads\/2024\/07\/aereo-caribe-1.jpg\" class=\"attachment-full size-full\" alt=\"\" srcset=\"https:\/\/alvarogomezcampuzano.com\/wp-content\/uploads\/2024\/07\/aereo-caribe-1.jpg 700w, https:\/\/alvarogomezcampuzano.com\/wp-content\/uploads\/2024\/07\/aereo-caribe-1-300x300.jpg 300w, https:\/\/alvarogomezcampuzano.com\/wp-content\/uploads\/2024\/07\/aereo-caribe-1-150x150.jpg 150w, https:\/\/alvarogomezcampuzano.com\/wp-content\/uploads\/2024\/07\/aereo-caribe-1-650x650.jpg 650w\" sizes=\"(max-width: 700px) 100vw, 700px\" \/>\t\t<\/a>\n\t\t\t<\/div>\n<\/div>\n\t\t<\/div>\n\t\t<div class=\"qodef-e-content\">\n\t\t\t\t\t\t<div class=\"qodef-e-text\">\n\t\t\t\t<h5 itemprop=\"name\" class=\"qodef-e-title entry-title\">\n\t<a itemprop=\"url\" class=\"qodef-e-title-link\" href=\"https:\/\/alvarogomezcampuzano.com\/index.php\/2024\/07\/01\/crear-en-la-expansion\/\">\n\t\tCrear en la expansi\u00f3n\t<\/a>\n<\/h5>\n\t\t<p itemprop=\"description\" class=\"qodef-e-excerpt\">\n\t\t\tAl desprenderse de las artes aplicadas y hacer camino propio, las artes textiles adquieren nuevos compromisos. La tradici\u00f3n varias veces milenaria de estas artes basada en el teji\t\t<\/p>\n\t\t\t\t<\/div>\n\t\t\t\t\t\t\t<div class=\"qodef-e-info qodef-info--bottom\">\n\t\t\t\t\t\t<div class=\"qodef-e-read-more\">\n\t\t<a class=\"qodef-shortcode qodef-m  qodef-qi-button qodef-html--link qodef-layout--filled qodef-type--icon-boxed   qodef-icon--right qodef-hover--icon-move-horizontal-short   qodef-text-underline qodef-underline--left \" href=\"https:\/\/alvarogomezcampuzano.com\/index.php\/2024\/07\/01\/crear-en-la-expansion\/\" target=\"_self\">\t<span class=\"qodef-m-text\">Leer m\u00e1s<\/span>\t<\/a>\t<\/div>\n\t\t\t\t<\/div>\n\t\t\t\t\t<\/div>\n\t<\/div>\n<\/article>\n<article class=\"qodef-e qodef-blog-item qodef-grid-item qodef-item--full post-909 post type-post status-publish format-standard has-post-thumbnail hentry category-espanol\">\n\t<div class=\"qodef-e-inner\">\n\t\t<div class=\"qodef-e-media-holder\">\n\t\t\t<div class=\"qodef-e-media\">\n\t\t<div class=\"qodef-e-media-image\">\n\t\t<a itemprop=\"url\" href=\"https:\/\/alvarogomezcampuzano.com\/index.php\/2024\/07\/01\/espacios-ceremoniales\/\">\n\t\t\t<img loading=\"lazy\" decoding=\"async\" width=\"482\" height=\"321\" src=\"https:\/\/alvarogomezcampuzano.com\/wp-content\/uploads\/2024\/07\/espacios-txt.jpg\" class=\"attachment-full size-full\" alt=\"\" srcset=\"https:\/\/alvarogomezcampuzano.com\/wp-content\/uploads\/2024\/07\/espacios-txt.jpg 482w, https:\/\/alvarogomezcampuzano.com\/wp-content\/uploads\/2024\/07\/espacios-txt-300x200.jpg 300w\" sizes=\"(max-width: 482px) 100vw, 482px\" \/>\t\t<\/a>\n\t\t\t<\/div>\n<\/div>\n\t\t<\/div>\n\t\t<div class=\"qodef-e-content\">\n\t\t\t\t\t\t<div class=\"qodef-e-text\">\n\t\t\t\t<h5 itemprop=\"name\" class=\"qodef-e-title entry-title\">\n\t<a itemprop=\"url\" class=\"qodef-e-title-link\" href=\"https:\/\/alvarogomezcampuzano.com\/index.php\/2024\/07\/01\/espacios-ceremoniales\/\">\n\t\tEspacios ceremoniales\t<\/a>\n<\/h5>\n\t\t<p itemprop=\"description\" class=\"qodef-e-excerpt\">\n\t\t\tEspacios ceremoniales son escenarios solemnes y rituales en los que nos involucra \u00c1lvaro Diego G\u00f3mez, a trav\u00e9s de un lenguaje arquitect\u00f3nico nos conduce por trayectos atravesad\t\t<\/p>\n\t\t\t\t<\/div>\n\t\t\t\t\t\t\t<div class=\"qodef-e-info qodef-info--bottom\">\n\t\t\t\t\t\t<div class=\"qodef-e-read-more\">\n\t\t<a class=\"qodef-shortcode qodef-m  qodef-qi-button qodef-html--link qodef-layout--filled qodef-type--icon-boxed   qodef-icon--right qodef-hover--icon-move-horizontal-short   qodef-text-underline qodef-underline--left \" href=\"https:\/\/alvarogomezcampuzano.com\/index.php\/2024\/07\/01\/espacios-ceremoniales\/\" target=\"_self\">\t<span class=\"qodef-m-text\">Leer m\u00e1s<\/span>\t<\/a>\t<\/div>\n\t\t\t\t<\/div>\n\t\t\t\t\t<\/div>\n\t<\/div>\n<\/article>\n<article class=\"qodef-e qodef-blog-item qodef-grid-item qodef-item--full post-907 post type-post status-publish format-standard has-post-thumbnail hentry category-espanol\">\n\t<div class=\"qodef-e-inner\">\n\t\t<div class=\"qodef-e-media-holder\">\n\t\t\t<div class=\"qodef-e-media\">\n\t\t<div class=\"qodef-e-media-image\">\n\t\t<a itemprop=\"url\" href=\"https:\/\/alvarogomezcampuzano.com\/index.php\/2024\/07\/01\/maria-elvira-ardila-alvaro-diego-campuzano\/\">\n\t\t\t<img loading=\"lazy\" decoding=\"async\" width=\"490\" height=\"317\" src=\"https:\/\/alvarogomezcampuzano.com\/wp-content\/uploads\/2024\/07\/maria-e-txt.jpg\" class=\"attachment-full size-full\" alt=\"\" srcset=\"https:\/\/alvarogomezcampuzano.com\/wp-content\/uploads\/2024\/07\/maria-e-txt.jpg 490w, https:\/\/alvarogomezcampuzano.com\/wp-content\/uploads\/2024\/07\/maria-e-txt-300x194.jpg 300w\" sizes=\"(max-width: 490px) 100vw, 490px\" \/>\t\t<\/a>\n\t\t\t<\/div>\n<\/div>\n\t\t<\/div>\n\t\t<div class=\"qodef-e-content\">\n\t\t\t\t\t\t<div class=\"qodef-e-text\">\n\t\t\t\t<h5 itemprop=\"name\" class=\"qodef-e-title entry-title\">\n\t<a itemprop=\"url\" class=\"qodef-e-title-link\" href=\"https:\/\/alvarogomezcampuzano.com\/index.php\/2024\/07\/01\/maria-elvira-ardila-alvaro-diego-campuzano\/\">\n\t\tMar\u00eda Elvira Ardila- Alvaro Diego Campuzano\t<\/a>\n<\/h5>\n\t\t<p itemprop=\"description\" class=\"qodef-e-excerpt\">\n\t\t\t\t\t<\/p>\n\t\t\t\t<\/div>\n\t\t\t\t\t\t\t<div class=\"qodef-e-info qodef-info--bottom\">\n\t\t\t\t\t\t<div class=\"qodef-e-read-more\">\n\t\t<a class=\"qodef-shortcode qodef-m  qodef-qi-button qodef-html--link qodef-layout--filled qodef-type--icon-boxed   qodef-icon--right qodef-hover--icon-move-horizontal-short   qodef-text-underline qodef-underline--left \" href=\"https:\/\/alvarogomezcampuzano.com\/index.php\/2024\/07\/01\/maria-elvira-ardila-alvaro-diego-campuzano\/\" target=\"_self\">\t<span class=\"qodef-m-text\">Leer m\u00e1s<\/span>\t<\/a>\t<\/div>\n\t\t\t\t<\/div>\n\t\t\t\t\t<\/div>\n\t<\/div>\n<\/article>\n<article class=\"qodef-e qodef-blog-item qodef-grid-item qodef-item--full post-905 post type-post status-publish format-standard has-post-thumbnail hentry category-espanol\">\n\t<div class=\"qodef-e-inner\">\n\t\t<div class=\"qodef-e-media-holder\">\n\t\t\t<div class=\"qodef-e-media\">\n\t\t<div class=\"qodef-e-media-image\">\n\t\t<a itemprop=\"url\" href=\"https:\/\/alvarogomezcampuzano.com\/index.php\/2024\/07\/01\/eduardo-serrano-alvaro-diego-campuzano\/\">\n\t\t\t<img loading=\"lazy\" decoding=\"async\" width=\"700\" height=\"700\" src=\"https:\/\/alvarogomezcampuzano.com\/wp-content\/uploads\/2024\/06\/oo03.jpg\" class=\"attachment-full size-full\" alt=\"\" srcset=\"https:\/\/alvarogomezcampuzano.com\/wp-content\/uploads\/2024\/06\/oo03.jpg 700w, https:\/\/alvarogomezcampuzano.com\/wp-content\/uploads\/2024\/06\/oo03-300x300.jpg 300w, https:\/\/alvarogomezcampuzano.com\/wp-content\/uploads\/2024\/06\/oo03-150x150.jpg 150w, https:\/\/alvarogomezcampuzano.com\/wp-content\/uploads\/2024\/06\/oo03-650x650.jpg 650w\" sizes=\"(max-width: 700px) 100vw, 700px\" \/>\t\t<\/a>\n\t\t\t<\/div>\n<\/div>\n\t\t<\/div>\n\t\t<div class=\"qodef-e-content\">\n\t\t\t\t\t\t<div class=\"qodef-e-text\">\n\t\t\t\t<h5 itemprop=\"name\" class=\"qodef-e-title entry-title\">\n\t<a itemprop=\"url\" class=\"qodef-e-title-link\" href=\"https:\/\/alvarogomezcampuzano.com\/index.php\/2024\/07\/01\/eduardo-serrano-alvaro-diego-campuzano\/\">\n\t\tEduardo Serrano &#8211; Alvaro Diego Campuzano\t<\/a>\n<\/h5>\n\t\t<p itemprop=\"description\" class=\"qodef-e-excerpt\">\n\t\t\tEn su producci\u00f3n m\u00e1s reciente los procesos naturales juegan un papel fundamental, puesto que la oxidaci\u00f3n, el moho y el crecimiento org\u00e1nico son los medios a trav\u00e9s de los cua\t\t<\/p>\n\t\t\t\t<\/div>\n\t\t\t\t\t\t\t<div class=\"qodef-e-info qodef-info--bottom\">\n\t\t\t\t\t\t<div class=\"qodef-e-read-more\">\n\t\t<a class=\"qodef-shortcode qodef-m  qodef-qi-button qodef-html--link qodef-layout--filled qodef-type--icon-boxed   qodef-icon--right qodef-hover--icon-move-horizontal-short   qodef-text-underline qodef-underline--left \" href=\"https:\/\/alvarogomezcampuzano.com\/index.php\/2024\/07\/01\/eduardo-serrano-alvaro-diego-campuzano\/\" target=\"_self\">\t<span class=\"qodef-m-text\">Leer m\u00e1s<\/span>\t<\/a>\t<\/div>\n\t\t\t\t<\/div>\n\t\t\t\t\t<\/div>\n\t<\/div>\n<\/article>\n<article class=\"qodef-e qodef-blog-item qodef-grid-item qodef-item--full post-883 post type-post status-publish format-standard has-post-thumbnail hentry category-espanol\">\n\t<div class=\"qodef-e-inner\">\n\t\t<div class=\"qodef-e-media-holder\">\n\t\t\t<div class=\"qodef-e-media\">\n\t\t<div class=\"qodef-e-media-image\">\n\t\t<a itemprop=\"url\" href=\"https:\/\/alvarogomezcampuzano.com\/index.php\/2024\/07\/01\/sinergia-entalpia-y-espeleotemas\/\">\n\t\t\t<img loading=\"lazy\" decoding=\"async\" width=\"467\" height=\"700\" src=\"https:\/\/alvarogomezcampuzano.com\/wp-content\/uploads\/2024\/07\/Postal-ADGC-2.jpg\" class=\"attachment-full size-full\" alt=\"\" srcset=\"https:\/\/alvarogomezcampuzano.com\/wp-content\/uploads\/2024\/07\/Postal-ADGC-2.jpg 467w, https:\/\/alvarogomezcampuzano.com\/wp-content\/uploads\/2024\/07\/Postal-ADGC-2-200x300.jpg 200w\" sizes=\"(max-width: 467px) 100vw, 467px\" \/>\t\t<\/a>\n\t\t\t<\/div>\n<\/div>\n\t\t<\/div>\n\t\t<div class=\"qodef-e-content\">\n\t\t\t\t\t\t<div class=\"qodef-e-text\">\n\t\t\t\t<h5 itemprop=\"name\" class=\"qodef-e-title entry-title\">\n\t<a itemprop=\"url\" class=\"qodef-e-title-link\" href=\"https:\/\/alvarogomezcampuzano.com\/index.php\/2024\/07\/01\/sinergia-entalpia-y-espeleotemas\/\">\n\t\tSinergia, Entalpia y Espeleotemas\t<\/a>\n<\/h5>\n\t\t<p itemprop=\"description\" class=\"qodef-e-excerpt\">\n\t\t\t\u00c1lvaro Diego G\u00f3mez Campuzano ha construido un cuerpo de trabajo investigando las distintas posibilidades del tejido; explorando como esta practica se ha empleado desde las cultur\t\t<\/p>\n\t\t\t\t<\/div>\n\t\t\t\t\t\t\t<div class=\"qodef-e-info qodef-info--bottom\">\n\t\t\t\t\t\t<div class=\"qodef-e-read-more\">\n\t\t<a class=\"qodef-shortcode qodef-m  qodef-qi-button qodef-html--link qodef-layout--filled qodef-type--icon-boxed   qodef-icon--right qodef-hover--icon-move-horizontal-short   qodef-text-underline qodef-underline--left \" href=\"https:\/\/alvarogomezcampuzano.com\/index.php\/2024\/07\/01\/sinergia-entalpia-y-espeleotemas\/\" target=\"_self\">\t<span class=\"qodef-m-text\">Leer m\u00e1s<\/span>\t<\/a>\t<\/div>\n\t\t\t\t<\/div>\n\t\t\t\t\t<\/div>\n\t<\/div>\n<\/article>\n<article class=\"qodef-e qodef-blog-item qodef-grid-item qodef-item--full post-542 post type-post status-publish format-standard has-post-thumbnail hentry category-espanol\">\n\t<div class=\"qodef-e-inner\">\n\t\t<div class=\"qodef-e-media-holder\">\n\t\t\t<div class=\"qodef-e-media\">\n\t\t<div class=\"qodef-e-media-image\">\n\t\t<a itemprop=\"url\" href=\"https:\/\/alvarogomezcampuzano.com\/index.php\/2024\/06\/30\/in-memoriam-in-situ\/\">\n\t\t\t<img loading=\"lazy\" decoding=\"async\" width=\"812\" height=\"473\" src=\"https:\/\/alvarogomezcampuzano.com\/wp-content\/uploads\/2024\/06\/in-situ.jpg\" class=\"attachment-full size-full\" alt=\"\" srcset=\"https:\/\/alvarogomezcampuzano.com\/wp-content\/uploads\/2024\/06\/in-situ.jpg 812w, https:\/\/alvarogomezcampuzano.com\/wp-content\/uploads\/2024\/06\/in-situ-300x175.jpg 300w, https:\/\/alvarogomezcampuzano.com\/wp-content\/uploads\/2024\/06\/in-situ-768x447.jpg 768w\" sizes=\"(max-width: 812px) 100vw, 812px\" \/>\t\t<\/a>\n\t\t\t<\/div>\n<\/div>\n\t\t<\/div>\n\t\t<div class=\"qodef-e-content\">\n\t\t\t\t\t\t<div class=\"qodef-e-text\">\n\t\t\t\t<h5 itemprop=\"name\" class=\"qodef-e-title entry-title\">\n\t<a itemprop=\"url\" class=\"qodef-e-title-link\" href=\"https:\/\/alvarogomezcampuzano.com\/index.php\/2024\/06\/30\/in-memoriam-in-situ\/\">\n\t\tIn memoriam in situ\t<\/a>\n<\/h5>\n\t\t<p itemprop=\"description\" class=\"qodef-e-excerpt\">\n\t\t\t\u00c1lvaro Diego G\u00f3mez Campuzano es un artista que ha hecho manifiesta una permanente inquietud creativa y discernible, no s\u00f3lo en las formas, colores y texturas de su obra, sino en\t\t<\/p>\n\t\t\t\t<\/div>\n\t\t\t\t\t\t\t<div class=\"qodef-e-info qodef-info--bottom\">\n\t\t\t\t\t\t<div class=\"qodef-e-read-more\">\n\t\t<a class=\"qodef-shortcode qodef-m  qodef-qi-button qodef-html--link qodef-layout--filled qodef-type--icon-boxed   qodef-icon--right qodef-hover--icon-move-horizontal-short   qodef-text-underline qodef-underline--left \" href=\"https:\/\/alvarogomezcampuzano.com\/index.php\/2024\/06\/30\/in-memoriam-in-situ\/\" target=\"_self\">\t<span class=\"qodef-m-text\">Leer m\u00e1s<\/span>\t<\/a>\t<\/div>\n\t\t\t\t<\/div>\n\t\t\t\t\t<\/div>\n\t<\/div>\n<\/article>\n\t<\/div>\n\t<\/div>\n\t\t<\/div>\n\t\t\t\t<\/div>\n\t\t\t\t\t<\/div>\n\t\t\t\t<\/div>\n\t\t\t\t<\/div>\n\t\t","protected":false},"excerpt":{"rendered":"<p>\u00a1Hola mundo! Bienvenido(a) a WordPress. Esta es tu primera entrada. Ed\u00edtala o b\u00f3rrala \u00a1y comienza a publicar! Leer m\u00e1s<\/p>\n","protected":false},"author":1,"featured_media":0,"parent":0,"menu_order":0,"comment_status":"closed","ping_status":"closed","template":"","meta":{"footnotes":""},"class_list":["post-38","page","type-page","status-publish","hentry"],"_links":{"self":[{"href":"https:\/\/alvarogomezcampuzano.com\/index.php\/wp-json\/wp\/v2\/pages\/38","targetHints":{"allow":["GET"]}}],"collection":[{"href":"https:\/\/alvarogomezcampuzano.com\/index.php\/wp-json\/wp\/v2\/pages"}],"about":[{"href":"https:\/\/alvarogomezcampuzano.com\/index.php\/wp-json\/wp\/v2\/types\/page"}],"author":[{"embeddable":true,"href":"https:\/\/alvarogomezcampuzano.com\/index.php\/wp-json\/wp\/v2\/users\/1"}],"replies":[{"embeddable":true,"href":"https:\/\/alvarogomezcampuzano.com\/index.php\/wp-json\/wp\/v2\/comments?post=38"}],"version-history":[{"count":4,"href":"https:\/\/alvarogomezcampuzano.com\/index.php\/wp-json\/wp\/v2\/pages\/38\/revisions"}],"predecessor-version":[{"id":448,"href":"https:\/\/alvarogomezcampuzano.com\/index.php\/wp-json\/wp\/v2\/pages\/38\/revisions\/448"}],"wp:attachment":[{"href":"https:\/\/alvarogomezcampuzano.com\/index.php\/wp-json\/wp\/v2\/media?parent=38"}],"curies":[{"name":"wp","href":"https:\/\/api.w.org\/{rel}","templated":true}]}}